e remainder when 2192070 is divided by 646.
192
What is the remainder when 37810762 is divided by 39?
28
What is the remainder when 610288 is divided by 252?
196
Calculate the remainder when 2960565 is divided by 34027.
216
What is the remainder when 1907061 is divided by 613?
18
Calculate the remainder when 758097 is divided by 475.
472
What is the remainder when 662150 is divided by 1835?
1550
Calculate the remainder when 1720655 is divided by 573550.
5
What is the remainder when 2412941 is divided by 58852?
9
Calculate the remainder when 155681 is divided by 337.
324
What is the remainder when 159306 is divided by 3609?
510
Calculate the remainder when 3270646 is divided by 452.
426
Calculate the remainder when 85010346 is divided by 7728213.
3
Calculate the remainder when 20765189 is divided by 37.
12
What is the remainder when 157338 is divided by 78581?
176
What is the remainder when 26968 is divided by 2691?
58
What is the remainder when 14233320 is divided by 2033329?
17
Calculate the remainder when 3250585 is divided by 812645.
5
What is the remainder when 18123 is divided by 3055?
2848
Calculate the remainder when 165980 is divided by 23613.
689
What is the remainder when 1092511 is divided by 182061?
145
Calculate the remainder when 2635656 is divided by 538.
532
Calculate the remainder when 337682 is divided by 2378.
6
What is the remainder when 299842 is divided by 1083?
934
What is the remainder when 144415 is divided by 8319?
2992
Calculate the remainder when 2368311 is divided by 2271.
1929
Calculate the remainder when 24101 is divided by 7836.
593
What is the remainder when 8220887 is divided by 392?
255
Calculate the remainder when 9263383 is divided by 11338.
237
What is the remainder when 263319 is divided by 250?
69
What is the remainder when 168429 is divided by 41765?
1369
What is the remainder when 29217710 is divided by 16?
14
Calculate the remainder when 5002096 is divided by 8029.
29
Calculate the remainder when 606287 is divided by 606273.
14
What is the remainder when 89524270 is divided by 240?
190
Calculate the remainder when 695357 is divided by 380.
337
Calculate the remainder when 504396 is divided by 1479.
57
What is the remainder when 199211 is divided by 49770?
131
Calculate the remainder when 6606878 is divided by 1552.
14
Calculate the remainder when 206266 is divided by 29465.
11
What is the remainder when 47094 is divided by 2682?
1500
Calculate the remainder when 2961781 is divided by 18.
7
What is the remainder when 74157 is divided by 14155?
3382
What is the remainder when 48020 is divided by 200?
20
Calculate the remainder when 10038144 is divided by 717003.
102
Calculate the remainder when 832378 is divided by 275608.
5554
What is the remainder when 362314 is divided by 360622?
1692
Calculate the remainder when 412116 is divided by 12488.
12
What is the remainder when 22170098 is divided by 848?
834
What is the remainder when 58607007 is divided by 442?
17
What is the remainder when 97080 is divided by 6926?
116
Calculate the remainder when 339259 is divided by 892.
299
What is the remainder when 2172043 is divided by 483?
475
Calculate the remainder when 14233837 is divided by 540.
517
Calculate the remainder when 1749289 is divided by 116610.
139
Calculate the remainder when 153922 is divided by 7710.
7432
Calculate the remainder when 58523154 is divided by 14630777.
46
Calculate the remainder when 17119127 is divided by 3760.
3607
What is the remainder when 7845318 is divided by 3922631?
56
Calculate the remainder when 6197 is divided by 461.
204
Calculate the remainder when 106875569 is divided by 5523.
5519
Calculate the remainder when 88870 is divided by 87388.
1482
Calculate the remainder when 158817359 is divided by 780.
779
What is the remainder when 10311872 is divided by 190?
2
What is the remainder when 9695017 is divided by 440682?
13
Calculate the remainder when 185397 is divided by 17747.
7927
Calculate the remainder when 74072630 is divided by 14.
2
What is the remainder when 2839513 is divided by 4108?
885
What is the remainder when 15375757 is divided by 5579?
33
What is the remainder when 26791485 is divided by 76987?
9
Calculate the remainder when 119589 is divided by 8.
5
What is the remainder when 123482 is divided by 20104?
2858
Calculate the remainder when 1584647 is divided by 1584570.
77
Calculate the remainder when 58591 is divided by 2489.
1344
What is the remainder when 1134790 is divided by 854?
678
What is the remainder when 145611 is divided by 520?
11
What is the remainder when 245533 is divided by 18875?
158
Calculate the remainder when 37355 is divided by 251.
207
What is the remainder when 32899247 is divided by 144?
143
Calculate the remainder when 190922 is divided by 879.
179
Calculate the remainder when 8951718 is divided by 254.
250
What is the remainder when 682100239 is divided by 227366746?
1
Calculate the remainder when 1724808 is divided by 287468.
0
What is the remainder when 3493631 is divided by 1907?
7
What is the remainder when 5103 is divided by 2962?
2141
What is the remainder when 305123488 is divided by 27?
25
Calculate the remainder when 26724205 is divided by 196.
193
What is the remainder when 53676131 is divided by 9?
5
Calculate the remainder when 565003975 is divided by 14.
11
Calculate the remainder when 25968 is divided by 1464.
1080
What is the remainder when 128301680 is divided by 25660331?
25
What is the remainder when 1039848 is divided by 1194?
1068
Calculate the remainder when 12588575 is divided by 182.
181
What is the remainder when 235411729 is divided by 143?
124
Calculate the remainder when 241561 is divided by 1501.
1401
Calculate the remainder when 38814179 is divided by 4947.
17
What is the remainder when 423382 is divided by 4084?
2730
What is the remainder when 3579607 is divided by 737?
735
Calculate the remainder when 49992 is divided by 1351.
5
What is the remainder when 13129257 is divided by 149196?
9
Calculate the remainder when 6947705 is divided by 992527.
16
What is the remainder when 534704 is divided by 2228?
2212
Calculate the remainder when 6426510 is divided by 6103.
51
Calculate the remainder when 2313548 is divided by 62497.
1159
What is the remainder when 6019086 is divided by 1228?
658
What is the remainder when 3258272 is divided by 1630?
1532
Calculate the remainder when 1065850236 is divided by 640.
636
Calculate the remainder when 22950 is divided by 5459.
1114
Calculate the remainder when 12500710 is divided by 297.
277
Calculate the remainder when 309923 is divided by 155.
78
Calculate the remainder when 778430 is divided by 902.
4
Calculate the remainder when 785814 is divided by 986.
958
What is the remainder when 3118193 is divided by 285?
8
Calculate the remainder when 577271 is divided by 12026.
23
Calculate the remainder when 6436593 is divided by 903.
9
What is the remainder when 1843300 is divided by 104?
4
What is the remainder when 26130 is divided by 2524?
890
What is the remainder when 71048183 is divided by 530210?
43
Calculate the remainder when 185345 is divided by 2058.
125
Calculate the remainder when 8241738 is divided by 20.
18
What is the remainder when 43045371 is divided by 1311?
1308
Calculate the remainder when 6503679 is divided by 100.
79
Calculate the remainder when 9231943 is divided by 514.
503
What is the remainder when 20780505 is divided by 81492?
45
Calculate the remainder when 1392824 is divided by 146.
130
Calculate the remainder when 78116954 is divided by 156547.
1
What is the remainder when 15912 is divided by 1491?
1002
What is the remainder when 1617843 is divided by 28890?
3
Calculate the remainder when 2145509 is divided by 3811.
3727
What is the remainder when 2519966 is divided by 1259983?
0
What is the remainder when 264403 is divided by 3278?
2163
Calculate the remainder when 69025392 is divided by 61.
49
Calculate the remainder when 627356 is divided by 627264.
92
Calculate the remainder when 14142399 is divided by 18.
15
What is the remainder when 125965 is divided by 62934?
97
Calculate the remainder when 1317733 is divided by 89.
88
Calculate the remainder when 184560 is divided by 1340.
980
What is the remainder when 260373 is divided by 228